et i = z + -6. What are the prime factors of i?
2
Suppose 0 = -b + 5*b. Let w be (0 + -2)/((-1)/2). Suppose w*s + s - 145 = b. List the prime factors of s.
29
What are the prime factors of -883*(-4 + 2)/(-6 + 8)?
883
Suppose -9*b + 92 = -79. Let p(z) = -z**3 + 20*z**2 - 16*z + 32. List the prime factors of p(b).
89
List the prime factors of (5/(-10))/((-2)/2264).
2, 283
Let p = 4 + -8. Let q be p/(-16)*4 + 12. Suppose 3*k + q = 4*k. List the prime factors of k.
13
Suppose 4*z - 5*i + 304 = 0, 0*z + 5*i - 91 = z. Let y = 142 + z. List the prime factors of y.
71
Suppose -8 = -n + 4*x, -3*n - 4 = -3*x - 1. What are the prime factors of n - (-420 + -4)/4?
2, 3, 17
Let f = -238 - -624. What are the prime factors of f?
2, 193
Let y be 15*8/(-12)*-1. Suppose 15*v - 60 = y*v. What are the prime factors of v?
2, 3
Let h = 21 - -157. Suppose -5*o = -82 - h. What are the prime factors of o?
2, 13
Suppose -10*p - 6 = -66. Let v(j) = 2*j**2 - 5*j - 11. What are the prime factors of v(p)?
31
Let d = 181 + 259. List the prime factors of d.
2, 5, 11
Suppose 6081 = 31*u - 3157. What are the prime factors of u?
2, 149
List the prime factors of ((-330)/105 - -3)/(1/(-11347)).
1621
Let p = 0 + 7. Suppose 0 = 5*q + y - 14, -y = 3*q + y - p. Suppose q*r = -2*r + 225. What are the prime factors of r?
3, 5
Let t be (0 + -5)*8/(-20). Suppose -4*k - 56 = 2*g, t*k + 3*k + 67 = -g. Let m = 15 + k. What are the prime factors of m?
2
Let j(n) = -n**2 - 6*n - 6. Let b be j(-4). Suppose -b*s + 20 = 2. Suppose 0 = -d + 2*m + s, d - 3*m = -0*d + 8. What are the prime factors of d?
11
Let m = -61 + 359. Let p = m + -119. Suppose 23 = -4*w + p. List the prime factors of w.
3, 13
Let q(c) = -c + 2. Let g be q(-1). Suppose 0 = -b - 0 + g. Suppose u = -3, -2*a - b*u = 8 - 105. What are the prime factors of a?
53
Suppose -14*u = -16*u - n + 1972, -3*u + 2956 = 2*n. What are the prime factors of u?
2, 13, 19
Suppose 16 = i - 4*o, -4*i + 120 = -0*i - 2*o. Let k = 2 - i. List the prime factors of (-138 + 0)*10/k.
2, 23
What are the prime factors of (1 + 4)*(-1 + -678)*-1?
5, 7, 97
Let s(l) = 38*l**3 + 2*l**2 + 14*l + 6. What are the prime factors of s(3)?
2, 3, 7, 13
Suppose -8 = -d - d. Suppose -c + 5*c = 20, -d*z - 5*c = -101. Let s = -3 + z. List the prime factors of s.
2
Let p = -106 - -126. List the prime factors of p.
2, 5
Suppose 0 = 2*l, -5*i + 7759 + 9756 = 4*l. What are the prime factors of i?
31, 113
Let x = -101 + 217. List the prime factors of x.
2, 29
List the prime factors of ((-2)/2)/((-20)/540).
3
What are the prime factors of 2*7/3*(-3480)/(-16)?
5, 7, 29
Let l = 33 + -18. Let g be ((-22)/(-3))/(l/45). Let x = 29 - g. List the prime factors of x.
7
Let c = -2527 - -4595. Suppose 5*w = 16*w - c. What are the prime factors of w?
2, 47
What are the prime factors of -34*(-3 + 0 + -8)?
2, 11, 17
Let c = 32 - -19. Let w = -14 + c. List the prime factors of w.
37
Let f = -4221 + 5966. What are the prime factors of f?
5, 349
List the prime factors of ((-2)/5)/(40/(-17900)).
179
Let y = 28 + 45. Let u = -5 + y. List the prime factors of u.
2, 17
Let x(n) = -3*n**3 - 2*n**2 - 2*n + 2. List the prime factors of x(-8).
2, 23, 31
Let k be (-1)/3 - (-279)/27. Let z be 78/k - (-3)/15. Suppose z*r = 4*r + 80. What are the prime factors of r?
2, 5
Let q(z) = -5*z**3 + 8*z**2 - 8*z + 517. Let b(t) = -3*t**3 + 5*t**2 - 5*t + 345. Let f(u) = 8*b(u) - 5*q(u). List the prime factors of f(0).
5, 7
Suppose 10*y - 6*y = -696. What are the prime factors of y/(-9) - (-2)/(-6)?
19
Let m(k) = -k**2 - 10*k + 14. Let a be m(-11). Suppose -4 = z - a*z. List the prime factors of (-2)/4 + 7/z.
3
Let d be ((-170)/(-6) - 1)/((-8)/36). Let k = 328 + d. List the prime factors of k.
5, 41
List the prime factors of 1335/6*120/50.
2, 3, 89
Let c(l) = 1744*l + 7. List the prime factors of c(1).
17, 103
Let c(n) = -11*n**3 + n**2 + n + 1. Let b be c(-1). List the prime factors of (-92)/(-8)*b - -2.
2, 5, 7
Suppose 136 = 5*w + 2*g - 3, -12 = 4*g. Let v(t) = -t**3 - 7*t**2 - 5*t + 4. Let z be v(-6). Let p = w - z. What are the prime factors of p?
31
Let c(d) = d**3 + 6*d**2 - 6*d. Let p be c(-6). Suppose 4 = t + p. Let k = t + 73. List the prime factors of k.
41
Let b(s) = -s**3 - 10*s**2 - 10*s - 6. Let i be b(-9). Let l(u) = 4*u**3 + u**2 + 3*u - 2. List the prime factors of l(i).
2, 31
Suppose 7 = 5*f - 3*w, 3 = -3*f + 4*f + w. Suppose -f*y - y = 108. List the prime factors of (-8)/36 + (-728)/y.
2, 5
Let d(j) = 12*j - 1. Suppose -4*l + 11 = -5*t - 26, 0 = 4*l + t - 7. Let m be d(l). Suppose -9 + m = p. What are the prime factors of p?
2, 13
Let u = 722 + -485. What are the prime factors of u?
3, 79
Let s(u) = -59*u + 9. Let c be s(-7). Suppose 2*k + l = -3*k + 686, 3*k - c = 2*l. List the prime factors of k.
2, 3, 23
Let t = 3 + 0. Suppose 5*p = 5, 0*b = t*b + p - 85. Suppose 5*a - 2*g - b = 27, -3*g + 33 = 3*a. List the prime factors of a.
11
What are the prime factors of 1054 - 6 - (-2 - (4 + -5))?
1049
Let o = 295 + -70. Let s = o + -148. What are the prime factors of s?
7, 11
Let o(v) = 3*v**3 + v**2 - v. Let b be o(1). What are the prime factors of 4/b - (-257)/3?
3, 29
Suppose -10 - 10 = -4*k. Let v = 9 - k. Suppose v*x = 68 + 100. List the prime factors of x.
2, 3, 7
Suppose -36*f = -31*f - 1050. List the prime factors of f.
2, 3, 5, 7
Suppose 75*x + 1398 = 76*x. What are the prime factors of x?
2, 3, 233
Suppose 4*c + 664 = 3*k + 13786, -16401 = -5*c + 3*k. List the prime factors of c.
3, 1093
Suppose b + 5*b = 930. Suppose 0 = -d + 4*d - 5*g - 112, 2*g = 5*d - b. Let n = d + 46. What are the prime factors of n?
3, 5
Let p(a) = 3*a - 7. Let k be p(3). Suppose h = x - 0*x - k, 2*h = 0. List the prime factors of 4 - -22*2/x.
2, 13
Let v = 14 + 6. Suppose a = 3*q - 6 - 9, -4*a = 4*q - v. Suppose -5*u + 176 - 11 = a. What are the prime factors of u?
3, 11
Let s(m) = -65*m + 25. List the prime factors of s(-6).
5, 83
Suppose u + 3 - 9 = 0. What are the prime factors of (12*9/(-6))/(u/(-28))?
2, 3, 7
Suppose 14*g + 24 = 18*g. Suppose g*z - z = 3*i + 10, -50 = -5*z - 5*i. Suppose z*f - 58 = -3. What are the prime factors of f?
11
Let v(f) = 2*f**3 + 2 + 21*f + 11*f - 7*f**2 - 26*f. What are the prime factors of v(5)?
107
Let w be (1 + 0)/((-8)/(-120)). What are the prime factors of 192/w*(7 + -2)?
2
Let p(m) = -m**3 + 10*m**2 - 2*m - 1. Suppose -6*t + 3 = -45. List the prime factors of p(t).
3, 37
Let q(p) = -638*p + 47. What are the prime factors of q(-1)?
5, 137
Suppose -181 = 4*m - 17. What are the prime factors of (-7 - m)*(2 + -1)?
2, 17
Let u = -4306 + 8132. What are the prime factors of u?
2, 1913
Suppose 0 = -5*w - m - 140, -5*w - 28 = -4*w + 3*m. List the prime factors of w/(3*(-4)/84).
2, 7
Let v = -9 - -7. Let f(d) = -6*d**3 + d**2 - 2*d - 1. Let q be f(v). Suppose 3*b = -2*b + q. List the prime factors of b.
11
Let q(z) = -3*z - 1. Let h be q(1). Let s be -2*-2*(-2)/h. Suppose -s*g = -4*g + 26. List the prime factors of g.
13
Let c be 0*(20/(-8) + 2). Suppose c = q + 4*q. Suppose q*v + v = 24. List the prime factors of v.
2, 3
Suppose -d - 666 = -2*d. Suppose -3*g - 2*x = -7*g + d, g - 170 = -3*x. List the prime factors of g.
167
Suppose -10*i + 0*i = -80. Suppose i = -w + 76. List the prime factors of w.
2, 17
Suppose -4*a = o - 0*o - 69, -4*o + 243 = 5*a. Let x = 59 + o. What are the prime factors of x?
2, 29
Suppose -2*j = 3 + 3. List the prime factors of 12/(1 - j) - -1.
2
Suppose 3*i = 6*i. List the prime factors of 20*(-15)/(-6) - i.
2, 5
Suppose 2*s + 8 = 2*h, h + 4*s - 6 = 6*s. Suppose 0 = -2*m + 2*c + 186, h*m - 2*c - 181 = -c. List the prime factors of m.
2, 11
Let o(l) = -12*l + 2. Let r be o(-3). Suppose -r = -s + 3*a, 0*s + 120 = 3*s - 3*a. List the prime factors of s.
41
Suppose -1175 = -f - 283. Suppose 0 = -8*u + 220 + f. What are the prime factors of u?
139
Suppose 2*b = -22 - 26. Let c = -12 - b. What are the prime factors of c?
2, 3
What are the prime factors of 38/228 + (-1 - 6358/(-12))?
23
Let a be 108/14*(-28)/4. List the prime factors of (-8 + 6)/(4/a).
3
Let t(w) = -705*w - 7. What are the prime factors of t(-2)?
23, 61
Let x = 24 - 15. Suppose -95 = x*g - 230. What are the prime factors of g?
3, 5
Suppose -3*y - 3*z = z - 22, 5*y - 2 = 2*z. Suppose i - 2*x = 2*x + 